 4*p**3 - p**2 - 2*p - 4. Let d(o) = 5*v(o) + 6*w(o). Suppose 0 = -c - 2*c + 9. List the prime factors of d(c).
2, 7
Let i = 11 - 7. Suppose -9*k + i*k = 15, 0 = 3*a + 2*k + 6. Suppose -p + 7*p - 108 = a. What are the prime factors of p?
2, 3
Let q = -52015 + 79063. List the prime factors of q.
2, 3, 7, 23
Suppose -2*p = 2*p + 5*r - 23, 9 = 3*p + r. Let q(g) = 4*g - p - 13*g + g**3 + 6*g**2 + 1 - 5. What are the prime factors of q(-6)?
2, 3
Let t = 17372 - 12337. What are the prime factors of t?
5, 19, 53
Suppose 3*l = -2*c + 4882, 0*l = -2*c + 3*l + 4894. Suppose -3416 = -10*b + c. What are the prime factors of b?
2, 293
Let t = -592 - -1604. Suppose 0 = -3*q + 5*i - 624, 5*q = i - 2*i - t. Let y = q + 330. What are the prime factors of y?
127
Suppose -4*u + 14*u - 120 = 0. Suppose 0*v - u*v + 3180 = 0. What are the prime factors of v?
5, 53
Let d(s) = 4*s + 586*s**2 + 643 - 2*s - 4*s + s**3 - 588*s**2. What are the prime factors of d(0)?
643
Suppose -p + 25 = -c, 0 + 29 = -c + 5*p. Let k = 22 - c. What are the prime factors of k?
2, 23
Suppose -4*x = 45 - 53. Suppose -y = -x*n, -5*n + 8*n = -4*y + 22. Suppose -3*c - 49 = -y*c. What are the prime factors of c?
7
Let s be (4/(-8)*-2)/((-1)/(-30)). Let l = -27 + s. Suppose 285 = -0*m + 4*m + l*y, 3*m + 3*y = 210. List the prime factors of m.
3, 5
Let k = -81 - -157. Let v be 11/((-33)/(-738)) + (-1)/(-1). Suppose -3*f + r + 329 = k, -5*r + v = 3*f. List the prime factors of f.
2, 3, 7
Let h(c) = -188*c - 27. Let u be h(-9). Suppose -7*w + 272 - u = 0. Let k = w + 349. What are the prime factors of k?
2, 3, 5
Let z(i) = 5*i**3 - 5*i**2 + 10*i. Let g be z(4). Suppose 2*h + 594 = v - g, 1308 = -3*h + 3*v. What are the prime factors of (4/12)/((-1)/h)?
2, 73
Suppose -2*o + 262 = 3*v - 666, v - 326 = -4*o. Let k = v - 74. List the prime factors of k.
2, 29
Let i(l) = 20*l**2 - 25*l - 172. What are the prime factors of i(-8)?
2, 3, 109
Suppose a - k = -79, 20*a + 5*k = 21*a + 99. List the prime factors of a/(-4)*(12 + 38).
5, 37
Suppose 0 = -7*f + 2*f - 90. Let u be 2/(-1) - (-6)/f*-26601. List the prime factors of (4/(-20))/((-9)/u).
197
Let p = -61846 + 117012. List the prime factors of p.
2, 27583
Suppose -m = -19*a + 15*a + 8, m - 3*a = -5. List the prime factors of (18/m)/(8*(-4)/(-1088)).
3, 17
Suppose -5*n = h - 119, 2*n - 43 = -0*n - 5*h. What are the prime factors of 192/(n/6) + 5?
53
List the prime factors of 213 - 208 - (0 + -765).
2, 5, 7, 11
Let t(v) = 2*v**2 - 7*v - 13. Let k be -3 + (-12)/(-3) - 30. Let x = k + 35. List the prime factors of t(x).
17
Let d be 90/4*(-14)/3. Suppose 4*g = 11*g + 1246. Let a = d - g. What are the prime factors of a?
73
Let l = 36241 + -19253. List the prime factors of l.
2, 31, 137
Let m = 80 + 5. Suppose 0 = 3*o - m - 65. What are the prime factors of o?
2, 5
Let z(r) = -14*r + 5*r + 11*r. Let i be z(-5). What are the prime factors of (-4)/i - (57152/40)/(-8)?
179
Suppose b - 2*n = 0, -b + 10 = 3*n - 0*n. Let x be 2793/6*(47 + -45). Suppose -3*s + x = b*s. List the prime factors of s.
7, 19
Let d = 138 - 70. Let s be (-1164)/(-54) + (-12)/(-27). Let j = d - s. List the prime factors of j.
2, 23
Let r be 12/3 - (-2 + 4). Suppose -3*i - r*i - m = -7, i - 5*m = 17. Suppose 557 = 5*k + j, -i*k - 212 = -4*k - 4*j. What are the prime factors of k?
2, 7
What are the prime factors of (-28257 + (-13 - 8))*(-2)/6?
2, 3, 1571
Suppose -43*q + 9365 = -38*q. Suppose q = 6*z - 2327. List the prime factors of z.
2, 5, 7
Suppose 0 = 1639*u - 1587*u - 1740440. List the prime factors of u.
2, 5, 3347
Let r(q) = -34*q - 60. Let c be r(-3). Suppose 0 = c*l - 39*l - 639. List the prime factors of l.
3, 71
Let r be 1 - (2*-3)/3. Suppose r*n = 8*n - 10. What are the prime factors of (4 - n) + 7 + 3?
2, 3
Let x = 741 - 727. Suppose -x*j - 6827 = -30347. List the prime factors of j.
2, 3, 5, 7
Suppose -3*b - 132 = 12. Let j = b + 222. Suppose 0 = -7*r + r + j. List the prime factors of r.
29
Let a be 18/(-14) + 28/98 + 667. Suppose -661*s = -a*s + 605. What are the prime factors of s?
11
Let t = 36 + -8. Let q = -19 + t. Suppose -23 = -2*a + q. What are the prime factors of a?
2
Suppose -170542 = -5*g + 3*h, 4*g - h + 34094 = 5*g. List the prime factors of g.
67, 509
Suppose -3367 = -6*j - 7*j. Let s = 387 + j. List the prime factors of s.
2, 17, 19
Let f = -205 + 314. Let p(o) = -o**3 - 31*o**2 - 32*o + 62. Let s be p(-30). Let u = s - f. What are the prime factors of u?
13
Let l(a) = 18*a - 157. Let b(q) = -q - 1. Let d(w) = -5*w + 83. Let o(g) = -4*b(g) - d(g). Let x(v) = -6*l(v) + 13*o(v). List the prime factors of x(21).
2, 13
Let z = 24 + -35. Let n = z + 21. Suppose -2*i = -5*a + 251, -36 - n = -a - i. What are the prime factors of a?
7
Suppose 49 = -0*n + 7*n. Let j be (-1)/1 + (2 - n). What are the prime factors of 46 + 0 + (-2 - j)?
2, 5
Suppose 3*x = x + 4*u - 22, 5*u - 20 = 0. Let s be (-2)/(-6) + 1/x. Suppose -2*f - 2*f + 156 = s. List the prime factors of f.
3, 13
Let t be -4 - (-2 + 2) - -112. Let p be t/20 - 4/10. Suppose 5*f - 21 = 4*s - 5*s, -p*s - 5*f = -85. List the prime factors of s.
2
Let u(c) = 13*c**2 + 13*c - 419. List the prime factors of u(17).
3559
Let p = -352 + 761. Suppose 1269 = h - p. What are the prime factors of h?
2, 839
What are the prime factors of (969/(-85))/(5/7450*-2)?
3, 19, 149
Let i be 1 - 68/(-16) - 1/4. Suppose -3*k = 0, -i*k = -3*p - p + 1600. What are the prime factors of p?
2, 5
Let y be 1 + (-85)/75 + 184/30. Let x(f) = 11*f - 23. What are the prime factors of x(y)?
43
Let v(n) = -n**3 - 9*n**2 - 2*n - 16. Let l be v(-9). Suppose -4 = -2*d + l, 0 = 3*s + 2*d + 90. Let u = -3 - s. What are the prime factors of u?
29
Suppose 0 = 3*h + 3*s - 24, -24 = -h - 3*h - 2*s. Suppose -h*f = -z - 3*f - 6, 5*z + 42 = 2*f. What are the prime factors of ((-4)/z)/(10/1750)?
2, 5, 7
List the prime factors of 20/(-35)*-14 - -4067.
5, 163
Suppose -3*d = -9, v + 8*d - 10559 = d. List the prime factors of v.
2, 11, 479
Suppose 0 = 40*q - 56*q + 112. Let x(v) = -v**3 + 11*v**2 - 12*v + 3. List the prime factors of x(q).
5, 23
Suppose 49753 = 131*t - 127*t - 3*h, t - 5*h - 12451 = 0. What are the prime factors of t?
2, 3109
Let q = -222 - -218. What are the prime factors of ((-5392)/(-24))/(q/(-6))?
337
Let w = 9 - 7. Suppose -54 = -4*o + 3*m, o + 5*m = -0*o + w. Let k = o - -87. List the prime factors of k.
3, 11
Suppose -3*j - 3*y - 1214 + 290 = 0, 896 = -3*j + 4*y. What are the prime factors of (j/5)/((-114)/(-30) + -4)?
2, 19
Suppose 23180 = 4*h - 17*x + 15*x, -h = x - 5801. What are the prime factors of h?
11, 17, 31
Let y(v) = -29*v - 66 - 16*v**3 + 15*v**3 + 29 - 27*v**2. List the prime factors of y(-28).
1559
Suppose -4*n + 2*v - 23 = -3*n, 23 = -n - 5*v. Let l = n + 33. Suppose 3*p - 511 = -5*h, 0 = -4*p - p + l. List the prime factors of h.
101
Let v = -256 + 259. Let y = 23 + -19. Suppose -2*x + 604 = y*h, v*h - 2*x + 3*x = 455. What are the prime factors of h?
3, 17
Suppose -283811 - 393583 + 80490 = -33*g. List the prime factors of g.
2, 7, 17, 19
Let h(p) = p**3 + 21*p**2 + 28*p + 60. Let d be h(-20). Let n = 615 + d. What are the prime factors of n?
5, 103
What are the prime factors of (-11)/(-5) - 27022545/(-775)?
2, 5, 11, 317
Suppose -109*w + 2479442 = -47*w. List the prime factors of w.
7, 29, 197
Let z(u) = -u - 17. Let l be z(-7). Let g(j) = -2*j**3 - 13*j**2 + 21*j + 25. What are the prime factors of g(l)?
5, 103
Let n = 41 - 73. Let p = n - -33. List the prime factors of (-181 - (1 + p))/((-18)/12).
2, 61
Suppose 2*b - 575 = 979. List the prime factors of b.
3, 7, 37
Let x be 4*19*((-9)/(-2) - 4). Suppose 5*b + f = x, b - 3*f + 0*f + 2 = 0. Suppose b*n + 118 = 734. What are the prime factors of n?
2, 11
Let h(l) = -122*l - 145. Let k(b) = -16*b - 18. Let u(j) = -6*h(j) + 46*k(j). Suppose a + 24 = 3*i, -i - 2*a - 32 = -5*i. List the prime factors of u(i).
2, 5
Let s be ((-413)/(-28) + -8)*(-40)/(-3). Let a = s + 1. What are the prime factors of a?
7, 13
Let j(w) = -113*w + 28*w - 5 + 17*w. What are the prime factors of j(-6)?
13, 31
Let s be (-142*(2 + -3))/(2/(-7)). Let o = s - -784. What are the prime factors of o?
7, 41
Suppose -45*l + 895671 = -8*l - 372356. What are the prime factors of l?
43, 797
Let w(h) = 2*h + 57. Let